ine t(-8).
-4
Suppose -x - 9 = 1. Let c be ((-18)/10)/(3/x). Let s(p) = 2*p - 9. What is s(c)?
3
Let w(f) = 3*f + 7. Suppose 10*b = 14*b + 24. What is w(b)?
-11
Let d(k) = 9*k**3 + 8*k**2 + 3*k + 4. Let q(t) = -8*t**3 - 7*t**2 - 2*t - 3. Let u(i) = 6*d(i) + 7*q(i). What is u(-2)?
7
Let c(j) = -16*j**2 - 6 + 33*j**2 - 18*j**2 + 2*j - 9*j. What is c(-4)?
6
Let g(q) = -q**3 - 1. Let t(r) = r**3 + 4*r**2 + r - 2. Let v(p) = 1 + 6 + 3*p - 2*p. Let d be v(-6). Let f(a) = d*t(a) + 2*g(a). What is f(4)?
0
Let n(v) = -v**3. Let l(u) = 2*u**3 + 3*u**2 - u + 1. Let m(k) = -k**3 - 6*k**2 + k + 3. Let c be m(-6). Let j(f) = c*n(f) - l(f). What is j(3)?
2
Let n(z) = 0*z**2 - 3 + 0*z**3 + z**3 + 6*z**2 + 5*z. Let r be (-22)/4 - 7/(-14). Determine n(r).
-3
Suppose 3*k + 0*k = -3. Let a be (k/1)/(-1 - -2). Let o(c) = 7*c. Give o(a).
-7
Let j(u) = u**3 - 5*u**2 - 2*u + 6. Suppose -69 = a + 116. Suppose 2*b + 2*b = 3*l + 10, 20 = 3*b + 4*l. Let n be b/(-14) + a/(-35). Give j(n).
-4
Let s(m) = -8*m**2 - 4*m - 3. Let b(o) = 2*o**2 + o + 1. Let f(d) = -5*b(d) - s(d). Calculate f(-2).
-8
Let x = -2 + 4. Let d(w) = -6*w - 2*w**x - 2 + 0 + w**2 + 13*w. Calculate d(5).
8
Let n(h) = -2*h - 1. Let o(t) = -t**2 + 4*t + 4. Let k be o(5). Calculate n(k).
1
Let x(o) = -o**2 - 10*o + 7. Let a be x(-10). Let s(j) = 6*j - j + a - 3*j**2 + 2*j**2. Determine s(6).
1
Let l(p) = -3*p**3 + p + 1. Let b be l(-1). Let k(r) be the second derivative of 1/12*r**4 - 3*r**2 + 5/6*r**b + 0 - r. Give k(-5).
-6
Let a = -7 + 10. Let t be (2 + a/(-6))*-2. Let b(m) = 2*m + 2. Determine b(t).
-4
Let l(j) = j**2 + 5*j + 4. Let h(v) = v**2 + 5*v + 3. Let y(q) = 3*h(q) - 2*l(q). What is y(-6)?
7
Let v(d) = -d + 1. Let z(i) = -4. Let t(s) = -5*v(s) - z(s). Give t(1).
4
Suppose -5*q = 3*j - 25, 0 = -0*q + 3*q - 2*j + 4. Let s(c) = -7*c**q - c**3 + 12*c**2 + 4 - c - 6*c**2. Let a be (-4)/(-14) + 4/(-14). Determine s(a).
4
Let l(j) = -5*j. Let w be l(5). Let c be 10/w + 12/5. Let t(n) = -5*n - n**c + 4 - 4 - 4. What is t(-4)?
0
Let f(s) be the third derivative of -s**5/60 - s**4/3 - 5*s**3/6 - 2*s**2. Let z = -236 + 230. What is f(z)?
7
Let f(k) = -k**3 - 6*k**2 - 6*k. Let a = -2 - 3. Calculate f(a).
5
Let y(v) be the third derivative of v**4/24 - v**3/6 + 18*v**2. Give y(1).
0
Let j be -2 + (3 - 3) + 2. Suppose 5 + j = -5*t. Let p(v) = 5*v + 1. Calculate p(t).
-4
Suppose 0 = r + 3 + 1. Let o be r/(-8) + 1/2. Let z = o - 0. Let m(x) = 10*x - 1. Determine m(z).
9
Let t(a) = a**3 - a - 2. Let n = 16 + -14. Give t(n).
4
Let q(j) be the first derivative of j**4/4 + 5*j**3/3 - 3*j**2/2 - 7*j + 1. Let z be (4 - -1)/(-4 + 3). Determine q(z).
8
Let p(d) = -2*d**2 + 8*d - 5. Suppose -3*b + 11 = o, -10 = -o - 2*b - 1. Calculate p(o).
-15
Let b(v) = v**2 - 8*v + 11. Let i be b(7). Let r(p) = p**3 - 5*p**2 + 3*p + 1. Determine r(i).
-3
Let d(p) = -4 - 1 + p**2 - p + 0. Let l = 35 - 28. Suppose -l*r + 16 = -3*r. What is d(r)?
7
Suppose 0*s + s - 10 = 3*a, -s + 4*a = -11. Suppose -2*i = -s*i + 20. Let y(u) = 3*u + 0*u - i*u. Give y(-3).
3
Let x be (-4)/(-6) - 60/(-18). Let s(k) = 2*k**2 - 4*k - 4. Let u(p) = p. Let m(d) = -s(d) + u(d). Give m(x).
-8
Let i(p) be the first derivative of -p**2/2 - p + 1. Let z = 6 + -3. Suppose -l = 1 + z. What is i(l)?
3
Let t(i) be the third derivative of -i**5/60 + 5*i**4/24 + i**3 + 59*i**2. Give t(6).
0
Let n(y) = -y + 8. Let z be n(3). Let m(t) = -6 - 3 + 10 - z*t + t**2. Give m(6).
7
Let p(z) be the third derivative of z**6/360 + z**5/30 - z**4/3 - z**3/6 - 2*z**2. Let h(r) be the first derivative of p(r). Let f = -20 + 14. Determine h(f).
4
Let a(h) = 3*h - 6. Let x = 1 + -2. Let r = 36 + x. Suppose -5*p = -5*q + r, -5*q + 0*q = 2*p - 14. Determine a(q).
6
Let q(k) = k**2 + k. Let d(x) = 7*x**2 + 5*x - 11. Let h(m) = d(m) - 6*q(m). Give h(0).
-11
Let p(v) = v**2 - 4*v + 4. Let t be p(3). Let n(q) = -q**2 + t + 2*q**2 - 8*q**2 + 0. Determine n(-1).
-6
Let l(c) = -6 - 7 + 3*c**2 - c - 2*c**2 + 5 - c**3. What is l(0)?
-8
Let u = 5 + -8. Let c = u + 5. Let d(k) = -k - 9*k**2 + 2*k**2 + 4*k**c. Calculate d(1).
-4
Let c(m) = -m**3 - 7*m**2 - 4*m + 13. Let u(k) = 1. Let z(q) = -c(q) + 6*u(q). Determine z(-6).
5
Suppose 3*h - 7 = -1. Let i = h - 2. Let k(n) = -2*n**2 + 11*n - 3. Let g(w) = w**2 - 5*w + 1. Let m(x) = -9*g(x) - 4*k(x). What is m(i)?
3
Let j(m) = -2*m**3 - 5*m**2 - 4*m - 7. Let v(p) = -p**2. Let h(d) = -d**3 + 2*d**2 - d - 1. Let z(u) = -h(u) - 3*v(u). Let f(n) = -j(n) - 3*z(n). What is f(3)?
-2
Let p be 224/42 - (-4)/6. Let b(h) = -h**3 + 6*h**2 + h - 4. Give b(p).
2
Let j(i) be the second derivative of i**5/20 + i**4/12 - i**3/2 - i**2 - 2*i. Give j(-2).
0
Let p be ((-3 + 3)/(-1))/(-1). Let a(l) be the second derivative of p + 1/2*l**2 + l - 1/2*l**3 + 1/12*l**4. Determine a(2).
-1
Let g(u) = -5*u - 5. Let n(o) = -6*o - 5. Let y(b) = -7*g(b) + 6*n(b). Suppose 3*t + 10*k - 32 = 5*k, -2*t + 4*k = 8. Suppose 0 = -t*h - 0*h. What is y(h)?
5
Let u(g) = 4*g**2 - g - 8. Let c(y) = 6*y**2 + 5*y - 19. Let j(z) = -3*z**2 - 3*z + 10. Let m(n) = 3*c(n) + 5*j(n). Let f(t) = -6*m(t) + 5*u(t). What is f(3)?
5
Let q be ((-14)/(-4))/(3/12). Let p be q/1*1/2. Let c(a) = a**3 - 8*a**2 + 8*a - 2. Let n be c(p). Let d(i) = -i**3 + 6*i**2 - 3*i - 4. Calculate d(n).
6
Suppose l = 5*x - 28, 4 + 0 = 2*x - 4*l. Suppose n - 30 = x*n. Let k(v) = -v - 5. Let r be k(n). Let f(p) = 2*p**2 + 2*p - 1. What is f(r)?
3
Suppose -h = h - 4*g + 48, -5*h + g = 75. Let b be (-60)/h + (-20)/70. Let q(a) = -a + 2. Calculate q(b).
-2
Let s(o) be the second derivative of -o**4/6 - o**3/3 + o**2 + o. Let t(m) = -m**2 + 7*m - 8. Let p be t(5). Give s(p).
-10
Let p(m) = 0*m**2 - m**2 - 2*m + 69 - 147 + 75. Give p(-2).
-3
Let u = 41 + -18. Suppose -2 = -o + 5*h - 12, u = 4*o + h. Let p(b) be the third derivative of b**5/60 - 7*b**4/24 + 7*b**3/6 + 5*b**2. Give p(o).
-3
Let h(j) = 2*j - 2. Let i(t) = t + 26. Let u be i(-22). Determine h(u).
6
Let p(t) = 4*t - 6 - 3*t + 13. Let o(g) = g**2 + 4*g - 5. Let a be (-22)/6 - (-2)/(-6). Let h be o(a). Give p(h).
2
Let r(o) = 5*o - 2. Let n(f) = -2*f + 7. Let a be n(8). Let v = -7 - a. Determine r(v).
8
Let y(f) be the third derivative of 1/120*f**6 + 0*f + 0*f**3 + 0*f**5 + f**2 + 0 + 0*f**4. Determine y(2).
8
Let h be 4*(11/(-4) - -3). Let k(g) = 2 + g**3 - h - 4*g**3. Calculate k(1).
-2
Let c(x) be the first derivative of -x**4/4 - x**3 + 2*x**2 + 3*x + 1. Let w be 8*(10/4 + -3). Let g be 6/(7 + w) + -6. Determine c(g).
3
Let i(b) = -3*b**3 + 2*b - 1. Suppose -3*n - j = -1, 0*n - 5*j + 5 = -n. Suppose n*v = 2*l - 3*v + 1, 0 = 4*l + v - 5. What is i(l)?
-2
Let m(u) = -u + 5. Suppose 4*v - v + 5*b = 10, -4*v = -2*b - 48. Suppose -r + 3*r = v. Suppose -r*z = -3*z. What is m(z)?
5
Let z(l) = 5 + 1 + 2*l + l**3 + 1 + 6*l**2. What is z(-6)?
-5
Let j(v) be the first derivative of 1/120*v**6 - 1 + 1/12*v**4 - 1/2*v**2 + 0*v - 1/20*v**5 - 1/2*v**3. Let b(z) be the second derivative of j(z). Give b(2).
-3
Let c(g) = 5*g + 24 - 3*g + 5*g**2 - 26 + g**3. Suppose -4*p = 18 - 2. Calculate c(p).
6
Let x(b) = -b**3 - 5*b**2 - 2*b + 4. Let w = 4 - 2. Let p be -1 - 8 - (4 - w). Let a = p + 7. Determine x(a).
-4
Let w be 72/20*(-30)/(-9). Let a(s) = -s - 1. Let q be a(-4). Suppose -q*h = 6 - w. Let j(k) = 2*k**2 - 2*k - 2. Determine j(h).
2
Let u(t) be the first derivative of -2*t**2 + 0*t**2 - 3 + 2*t + t**2 + 2. Let m(c) = -3*c + 1. Let o be m(1). Calculate u(o).
6
Let s(l) = 3*l**3 - 11*l**2 + 6*l - 12. Let g(y) = -4*y**3 + 12*y**2 - 6*y + 13. Let x(c) = 4*g(c) + 5*s(c). Calculate x(-8).
8
Let f(t) be the third derivative of -1/6*t**3 + 2*t**2 + 0*t**4 + 0*t - 1/15*t**5 + 0. Let a be -1 + (-1 - 0) + 1. Give f(a).
-5
Let c(i) = 2*i**2 - i - 7 + 10*i - i**2 - 6*i. Give c(-6).
11
Let w(g) = g**2 + 3*g + 1. Let h(y) = -y**2 + y - 2. Let m be h(-4). Let f = 38 + m. Suppose -5*i + f - 61 = 5*p, 0 = -5*p - 4*i - 40. What is w(p)?
5
Let b(x) be the second derivative of -x**3/3 - 2*x**2 - 10*x. Determine b(-6).
8
Let t be -2 - (-7)/(14/10). Let d(j) be the first derivative of -j**3/3 + 3*j**2/2 - 2*j + 1. Give d(t).
-2
Let g(c) = -c**3 + 9*c**2 - 2*c - 1. Let y(q) = q**3 - 10*q**2 + q. Let i(z) = -3*g(z) - 2*y(z). Calculate i(6).
-9
Suppose 6 = -4*g + 18. Let p(r) = r**3 - 5*r**2 + 5*r - 4. Wha